of 87?
False
Does 1138 divide 215718142?
True
Does 77 divide 654707207?
True
Is 38 a factor of 21142212?
True
Is 67730365 a multiple of 1133?
False
Does 2098 divide 610866268?
True
Is 49940315 a multiple of 148?
False
Is 543 a factor of 174702666?
False
Is 1107432 a multiple of 798?
False
Is 374618460 a multiple of 204?
True
Does 569 divide 69883633?
False
Is 2 a factor of 282365?
False
Is 10277490 a multiple of 37?
True
Is 42128491 a multiple of 12?
False
Is 5799 a factor of 1109853213?
True
Does 146 divide 41684898?
True
Is 881 a factor of 80017535?
False
Does 128 divide 529687808?
True
Is 1430703788 a multiple of 38?
False
Is 22160541 a multiple of 1199?
False
Is 5 a factor of 4023175?
True
Does 20 divide 231438703?
False
Does 3086 divide 14562834?
True
Is 4616748 a multiple of 1028?
True
Is 333581520 a multiple of 421?
False
Does 22 divide 18903874?
True
Is 458876865 a multiple of 645?
True
Is 6 a factor of 19340578?
False
Is 36 a factor of 144093132?
True
Is 1348407216 a multiple of 2837?
False
Is 750020298 a multiple of 28?
False
Is 36 a factor of 150607766?
False
Does 1992 divide 310899408?
True
Does 359 divide 21699170?
False
Is 2392 a factor of 263631888?
True
Is 83 a factor of 57423989?
False
Is 568 a factor of 782375140?
False
Does 17 divide 1618562443?
False
Does 73 divide 45639686?
False
Is 238 a factor of 454384840?
True
Is 37469122 a multiple of 5?
False
Is 22 a factor of 77206860?
False
Does 12 divide 1343250036?
True
Is 15 a factor of 32233320?
True
Is 265 a factor of 1053905?
True
Does 591 divide 35215406?
False
Is 291756840 a multiple of 10?
True
Is 152 a factor of 104975918?
False
Does 53 divide 26913241?
True
Is 1061 a factor of 13773902?
True
Is 30045456 a multiple of 1968?
True
Is 62 a factor of 32268767?
False
Does 3677 divide 8896679?
False
Is 2449 a factor of 89932178?
True
Is 1872589810 a multiple of 13?
True
Is 182 a factor of 7431412?
False
Is 279658770 a multiple of 44?
False
Is 4157436 a multiple of 287?
False
Is 9 a factor of 572668173?
True
Does 5 divide 10091182?
False
Is 10920597 a multiple of 17?
False
Is 171 a factor of 9733662?
True
Does 2142 divide 380487744?
True
Is 132836972 a multiple of 1695?
False
Does 78 divide 17168639?
False
Does 2587 divide 45776965?
True
Is 22 a factor of 1429488424?
False
Does 1228 divide 45012340?
True
Does 892 divide 9622896?
True
Is 10 a factor of 907991926?
False
Is 191 a factor of 4085299?
True
Is 2874 a factor of 401236991?
False
Does 317 divide 4081330?
False
Is 16 a factor of 274475120?
True
Is 12 a factor of 249522344?
False
Is 27257143 a multiple of 10?
False
Does 3045 divide 375545940?
True
Does 112 divide 23520983?
False
Is 78 a factor of 264064559?
False
Does 157 divide 760283346?
False
Is 519287899 a multiple of 64?
False
Is 4464582 a multiple of 57?
True
Is 693806385 a multiple of 459?
False
Is 42 a factor of 16969302?
True
Is 1248082632 a multiple of 72?
True
Is 8165164 a multiple of 31?
False
Does 35 divide 888545?
True
Does 9 divide 2108612916?
True
Is 604985100 a multiple of 23?
True
Is 997 a factor of 456515333?
True
Is 4336773 a multiple of 291?
True
Is 795 a factor of 1790744889?
False
Is 74 a factor of 172588054?
True
Is 9139355 a multiple of 938?
False
Does 39 divide 505863384?
True
Is 265758584 a multiple of 4732?
True
Is 2702 a factor of 1020053636?
True
Does 44 divide 906509817?
False
Is 24 a factor of 18098686?
False
Is 3632416 a multiple of 5?
False
Is 294823727 a multiple of 10?
False
Is 3861440524 a multiple of 929?
True
Is 444 a factor of 455731812?
True
Is 83642372 a multiple of 22?
True
Is 24 a factor of 977564596?
False
Is 14 a factor of 399643366?
False
Does 43 divide 292165421?
False
Is 21609363 a multiple of 732?
False
Does 12 divide 88136807?
False
Is 67 a factor of 500752841?
True
Is 13597 a factor of 5104881421?
False
Is 32 a factor of 57175872?
True
Is 17 a factor of 188855737?
True
Is 63 a factor of 328692042?
True
Is 4 a factor of 176708256?
True
Does 112 divide 386273121?
False
Is 4 a factor of 92125632?
True
Is 7 a factor of 1000160?
True
Is 2835657274 a multiple of 422?
True
Is 470039119 a multiple of 22?
False
Does 34 divide 771731193?
False
Is 9 a factor of 2011494008?
False
Does 14 divide 2172560404?
True
Does 59 divide 673532259?
True
Is 206 a factor of 1335138140?
False
Is 345354897 a multiple of 1960?
False
Is 32 a factor of 143112800?
True
Does 11 divide 3506994458?
True
Is 1106150586 a multiple of 12?
False
Is 464652944 a multiple of 16?
True
Does 17 divide 26231461?
False
Does 53 divide 167296567?
True
Does 197 divide 327872537?
False
Does 6 divide 480183828?
True
Is 57705023 a multiple of 45?
False
Is 1466 a factor of 28422785?
False
Is 78768287 a multiple of 11?
False
Does 14 divide 1139471773?
False
Is 327454389 a multiple of 3067?
True
Is 291 a factor of 118146?
True
Does 23 divide 1207176735?
True
Does 56 divide 29044780?
False
Is 14 a factor of 3019857092?
True
Is 16 a factor of 1831945728?
True
Is 376 a factor of 321093096?
True
Is 1281637101 a multiple of 166?
False
Does 8 divide 13014128?
True
Is 48 a factor of 574766064?
True
Is 34345824 a multiple of 142?
True
Does 324 divide 14718760?
False
Is 22751392 a multiple of 137?
False
Is 1161 a factor of 123877780?
False
Is 176937353 a multiple of 1543?
True
Is 11 a factor of 6442541?
False
Is 1537330999 a multiple of 891?
False
Does 223 divide 73537027?
False
Does 10 divide 6392450?
True
Is 34 a factor of 285794844?
False
Is 16266506 a multiple of 166?
True
Does 420 divide 1761936683?
False
Is 416 a factor of 17036448?
True
Does 3990 divide 302649480?
True
Is 7407705 a multiple of 402?
False
Is 424 a factor of 10665720?
True
Is 3618 a factor of 135852282?
True
Is 1228851398 a multiple of 19?
False
Is 6237720 a multiple of 60?
True
Does 3075 divide 177282975?
True
Does 42 divide 178136532?
True
Is 20 a factor of 1774711?
False
Does 50 divide 33173700?
True
Is 62390935 a multiple of 17?
True
Does 2171 divide 765203686?
True
Does 3399 divide 17401090?
False
Is 246244347 a multiple of 9?
True
Is 108329731 a multiple of 1064?
False
Is 1046 a factor of 356334544?
True
Does 5317 divide 497873246?
True
Does 29 divide 409959892?
True
Is 1491687943 a multiple of 845?
False
Is 12 a factor of 573160562?
False
Does 11 divide 283371792?
True
Is 338182728 a multiple of 496?
False
Is 17558990 a multiple of 475?
False
Is 27 a factor of 82274723?
False
Does 846 divide 39954042?
True
Is 240526650 a multiple of 14?
True
Does 215 divide 60332080?
False
Does 41 divide 183069098?
False
Is 539 a factor of 16846445?
True
Does 37 divide 1308718?
False
Does 7 divide 127851595?
False
Does 381 divide 37510212?
True
Is 126948679 a multiple of 949?
True
Is 799753025 a multiple of 14?
False
Does 78 divide 322010036?
False
Is 587253552 a multiple of 524?
False
Does 4084 divide 92894664?
True
Does 11 divide 3752782?
True
Does 3 divide 315388238?
False
Does 180 divide 28776960?
True
Is 4669355 a multiple of 5?
True
Is 75195339 a multiple of 64?
False
Is 40 a factor of 7338341489?
False
Does 1437 divide 739715868?
True
Is 88129676 a multiple of 44?
False
Is 78114190 a multiple of 35?
True
Does 49 divide 21701299?
False
Is 2603491 a multiple of 11?
True
Does 120 divide 1172665800?
True
Is 18 a factor of 11537435?
False
Is 48425450 a multiple of 2551?
False
Is 55358549 a multiple of 969?
False
Is 693309 a multiple of 84?
False
Does 2 divide 1307199?
False
Is 120359528 a multiple of 560?
False
Does 81 divide 19827909?
True
Is 11337858 a multiple of 1023?
False
Does 94 divide 6819608?
False
Is 1357466440 a multiple of 1705?
True
Does 731 divide 630988343?
False
Is 16548966 a multiple of 98?
True
Does 1197 divide 28638225?
True
Is 22155695 a multiple of 1117?
True
Is 7851184 a multiple of 1364?
True
Is 1367 a factor of 28499216?
True
Is 205779967 a multiple of 2990?
False
Is 6245 a factor of 611654035?
True
Is 2943574 a multiple of 31?
True
Does 454 divide 54036896?
True
Does 6222 divide 1309407456?
True
Does 1330 divide 168051798?
False
Is 392444712 a multiple of 64?
False
Is 129 a factor of 9491046?
True
Does 2801 divide 84616473?
False
Is 1304 a factor of 239433092?
False
Does 4943 divide 175743422?
True
Does 54 divide 450129258?
True
Does 7026 divide 611002038?
True
Does 244 divide 14270729?
False
I